mine h(-18).
-10
Let a(r) = 25*r + 18. What is a(-10)?
-232
Let w(z) = 2*z**2 + 19*z - 186. Determine w(-15).
-21
Let a(f) = 90*f + 281. Give a(-3).
11
Let u(c) = c**2 + 46*c - 446. Give u(8).
-14
Let l(x) = 6*x + 76. What is l(-17)?
-26
Let v(y) = -55*y - 128. Calculate v(-3).
37
Let c(w) = -w**3 - 37*w**2 + 258*w - 52. Determine c(-43).
-52
Let a(g) = -35*g - 84. Give a(-4).
56
Let f(g) = -g**3 - 21*g**2 - 75*g + 32. What is f(-16)?
-48
Let k(p) = 4310*p - 17236. Determine k(4).
4
Let w(p) = -585*p + 1815. What is w(3)?
60
Let z(q) = -3*q**2 - 60*q - 174. Determine z(-4).
18
Let b(z) = -9*z - 141. Determine b(-21).
48
Let q(o) = -o**2 + 74*o - 1336. Give q(44).
-16
Let h(y) = -129*y - 13167. Determine h(-102).
-9
Let b(p) = 3585*p + 634546. Give b(-177).
1
Let q(x) = -x**3 - 29*x**2 + 849*x - 3. What is q(-47)?
-144
Let x(a) = -6*a**3 - 3*a**2 - 7*a + 9. What is x(1)?
-7
Let z(w) = -w**3 - 25*w**2 - 102*w - 11. Calculate z(-5).
-1
Let j(f) = -196*f - 1768. Determine j(-9).
-4
Let g(n) = -3*n + 60. Give g(22).
-6
Let n(g) = -g**3 - 6*g**2 + 99*g + 665. What is n(-6)?
71
Let f(m) = -m**3 + 25*m**2 + 152*m - 47. Calculate f(30).
13
Let p(v) = -3*v**3 - 2*v**2 + 16*v + 29. Calculate p(-4).
125
Let q(m) = -156*m - 11382. Give q(-73).
6
Let y(f) = 371*f - 51569. Calculate y(139).
0
Let j(q) = 420*q + 2141. What is j(-5)?
41
Let d(b) = -8*b + 53. Determine d(12).
-43
Let i(d) = d**3 - 10*d**2 + 15*d + 54. Give i(9).
108
Let m(j) = 3*j**3 - 18*j**2 + 3*j + 6. What is m(4)?
-78
Let g(x) = -135*x - 2172. Calculate g(-16).
-12
Let s(l) = 3*l**3 + 52*l**2 - 36*l - 9. What is s(-18)?
-9
Let p(b) = -41*b + 779. Give p(29).
-410
Let s(b) = 78*b - 524. What is s(7)?
22
Let r(d) = 246*d**2 + d - 1. Determine r(-1).
244
Let g(p) = -4*p**3 + 33*p**2 - 12*p - 37. Calculate g(4).
187
Let f(t) = -2*t**2 + 26*t + 399. Determine f(22).
3
Let s(j) = -38*j**2 + 188*j + 284. Give s(6).
44
Let p(n) = 3*n**2 - 67*n + 143. What is p(20)?
3
Let g(v) = -4*v**3 - 52*v**2 + 18*v + 20. Calculate g(-13).
-214
Let y(v) = 16*v + 1. What is y(4)?
65
Let u(h) = 2*h**3 + 63*h**2 + 492*h - 42. Calculate u(-15).
3
Let c(b) = b**2 + 8*b - 319. What is c(14)?
-11
Let o(q) = q**2 - 62*q - 642. Calculate o(-9).
-3
Let f(h) = h**2 - 8*h + 39. Calculate f(5).
24
Let f(d) = -62*d - 402. Determine f(-7).
32
Let b(i) = 112*i + 5960. What is b(-53)?
24
Let x(a) = a**3 + 15*a**2 + 27*a + 38. Determine x(-13).
25
Let b(q) = 43*q**2 + 200*q + 390. Calculate b(-2).
162
Let c(g) = -1418*g - 8532. Calculate c(-6).
-24
Let v(a) = -108*a + 1226. Determine v(10).
146
Let z(f) = -797*f + 3196. Give z(4).
8
Let p(h) = -11*h**2 - 33*h + 133. Determine p(5).
-307
Let r(i) = 3*i**2 + 47*i + 90. Calculate r(-17).
158
Let m(x) = 2*x**3 - 39*x**2 - 60*x + 45. What is m(-2)?
-7
Let g(n) = -220*n + 75. Calculate g(4).
-805
Let v(i) = -80*i**2 - 9*i - 8. Determine v(-1).
-79
Let s(y) = -y**3 + 17*y**2 + 20*y - 6. Determine s(18).
30
Let a(p) = -2*p**2 + 21*p - 60. Calculate a(6).
-6
Let d(w) = 76*w - 4378. What is d(56)?
-122
Let q(k) = -1920*k + 19228. Determine q(10).
28
Let a(f) = 49*f**3 - 4*f**2 - f + 4. What is a(-1)?
-48
Let v(p) = -p**2 - 53*p - 705. What is v(-24)?
-9
Let m(i) = 406*i + 1228. Give m(-3).
10
Let m(j) = -115*j - 33. Give m(1).
-148
Let l(b) = -27*b**2 + 10*b - 8. Give l(2).
-96
Let u(d) = -d**2 + 81*d + 170. What is u(83)?
4
Let r(o) = o**3 - 2*o**2 - 25*o - 27. What is r(-4)?
-23
Let i(k) = -7*k**3 - 3*k**2 - 2*k + 10. Calculate i(3).
-212
Let m(p) = -p**3 - 43*p**2 - 226*p + 182. Give m(-7).
0
Let t(k) = -k**2 + 6. Determine t(0).
6
Let b(l) = -l**2 - 55*l - 251. What is b(-9)?
163
Let m(h) = 8*h + 608. Give m(-77).
-8
Let x(r) = 83*r + 2476. What is x(-30)?
-14
Let k(r) = 31*r - 1053. What is k(34)?
1
Let w(c) = 263*c - 23673. Calculate w(90).
-3
Let c(j) = -1470*j + 16004. Calculate c(11).
-166
Let k(u) = u**2 + 10*u - 38. Give k(-19).
133
Let x(m) = -m**3 + 5*m**2 - 43*m + 389. Calculate x(7).
-10
Let p(g) = g**3 + 5*g**2 + 2*g + 44. Determine p(-9).
-298
Let m(d) = -6*d**2 + 83*d + 444. What is m(18)?
-6
Let k(t) = -2*t**3 - 38*t**2 - 20*t + 74. What is k(-17)?
-742
Let p(d) = -275*d + 1267. Give p(5).
-108
Let y(f) = -f**2 + 22*f + 123. Calculate y(31).
-156
Let i(y) = y**2 + 63*y - 415. Give i(-69).
-1
Let c(m) = -m**3 - 6*m**2 + 16*m + 55. What is c(-2)?
7
Let t(r) = 844*r - 4189. What is t(5)?
31
Let g(r) = 2*r**2 + 67*r + 202. Calculate g(-3).
19
Let m(k) = -54*k + 1024. What is m(18)?
52
Let l(c) = -c**2 - 137*c + 11565. Calculate l(59).
1
Let x(b) = 3*b**2 - 62*b - 218. Give x(27).
295
Let x(t) = -t**2 - 5*t + 112. Give x(0).
112
Let w(i) = 4708*i - 23547. Determine w(5).
-7
Let x(i) = -i**2 - 140*i - 2150. Calculate x(-17).
-59
Let a(b) = -20*b + 105. Calculate a(3).
45
Let g(c) = 4*c**2 + 27*c - 67. Give g(-7).
-60
Let b(t) = 36*t**2 - 251*t - 33. What is b(7)?
-26
Let x(q) = -q**2 - 24*q - 79. Give x(-15).
56
Let k(x) = x**3 - 15*x**2 - 19*x + 40. What is k(14)?
-422
Let w(f) = 62*f - 708. Give w(11).
-26
Let a(k) = 2*k**3 - 14*k**2 + 25*k - 14. Give a(5).
11
Let d(t) = t**3 - 5*t**2 - 183*t + 1059. What is d(6)?
-3
Let y(i) = 274*i + 128. What is y(-1)?
-146
Let o(v) = -10*v**2 + 53*v + 22. What is o(5)?
37
Let l(z) = 736*z + 6661. Calculate l(-9).
37
Let m(d) = d**2 - 10*d - 829. Determine m(-24).
-13
Let b(v) = v**3 - v**2 + v + 13. What is b(3)?
34
Let s(n) = -11*n**2 + 227*n - 1138. Determine s(9).
14
Let q(o) = -344*o + 5146. Calculate q(15).
-14
Let c(g) = 218*g - 5758. Determine c(26).
-90
Let j(o) = 278*o - 844. Determine j(3).
-10
Let n(x) = -729*x - 28348. Determine n(-39).
83
Let z(g) = 65090*g - 130176. Determine z(2).
4
Let r(f) = -12*f**3 - 12*f**2 - 16*f + 103. Determine r(4).
-921
Let l(t) = -3*t**3 - 48*t**2 - 185*t. What is l(-6)?
30
Let i(k) = k**2 - 32*k - 2297. Give i(68).
151
Let p(w) = -74*w**2 - 13*w + 5. Calculate p(1).
-82
Let m(q) = 21*q + 3509. Determine m(-167).
2
Let k(b) = 42*b**2 + 629*b - 12. Calculate k(-15).
3
Let m(c) = -41*c + 365. What is m(10)?
-45
Let b(s) = 2*s**2 + 28*s + 170. Calculate b(-6).
74
Let j(m) = 150*m + 11707. What is j(-78)?
7
Let t(a) = -2*a**2 - 6*a + 143. What is t(10)?
-117
Let q(x) = 3*x**3 - 2*x**2 - 5*x - 125. Determine q(0).
-125
Let m(f) = -18*f**2 - 2*f + 6. What is m(2)?
-70
Let k(d) = -d**2 - 162*d + 3494. Calculate k(21).
-349
Let v(b) = b**3 - 124*b**2 + 6. Give v(124).
6
Let h(p) = -p**3 - 8*p**2 - 66*p - 405. Determine h(-7).
8
Let b(m) = 11*m + 397. Give b(-49).
-142
Let i(v) = 43*v + 3291. Calculate i(-77).
-20
Let o(s) = 2*s**3 + 19*s**2 + 22*s + 125. What is o(-9)?
8
Let n(p) = -3*p**3 + 70*p**2 - 23*p + 128. What is n(23)?
128
Let f(n) = n**3 - 6*n**2 - 18*n + 39. Determine f(7).
-38
Let f(h) = -78*h**2 - 11*h - 7. Give f(2).
-341
Let u(d) = -d**2 + 154*d - 5837. Give u(87).
-8
Let i(r) = r**3 + 2*r**2 - 15*r + 8. Give i(-5).
8
Let b(f) = 81*f**2 + 803*f - 14. Give b(-10).
56
Let x(n) = -4*n**2 + 34*n - 95. What is x(4)?
-23
Let u(t) = -95*t - 1888. What is u(-20)?
12
Let a(s) = s**2 - s - 154. Determine a(-9).
-64
Let b(s) = s**2 + 46*s + 119. What is b(-29)?
-374
Let a(h) = 1810*h - 1730. Calculate a(1).
80
Let v(r) = -r**3 + 10*r**2 - 25*r + 247. Give v(10).
-3
Let h(b) = b**3 - 20*b**2 + 43*b - 5. Give h(2).
9
Let a(g) = 3*g**3 + 47*g**2 - 19*g - 206. Determine a(-16).
-158
Let x(n) = 110*n - 1968. Determine x(18).
12
Let q(o) = o**3 - 18*o**2 + 14*o - 45. What is q(18)?
207
Let r(s) = 2*s**2 + 92*s + 451. Calculate r(-45).
361
Let p(x) = -38*x + 500. Determine p(13).
6
Let f(o) = -149*o - 2. Calculate f(0).
-2
Let i(z) = -6*z**2 - 275*z - 1373. Give i(-5).
-148
Let p(q) = 7*q**3 + 85*q**2 + 45*q + 414. Give p(-12).
18
Let w(n) = n**3 + 15*n**2 - 4*n + 3. Determine w(-14).
255
Let n(h) = 7*h - 347. What is n(58)?
59
Let m(h) = -h**3 - 90*h**2 - 95*h - 534. Determine m(-89).
0
Let o(d) = -d**3 + 11*d**2 + 4*d + 19. Calculate o(9).
217
Let d(a) = 2*a**2 + 83*a + 363. Give d(-5).
-2
Let i(s) = 7*s**2 - 1505*s + 12. Give i(215).
12
Let b(s) = 97*s - 878. Give b(9).
-5
Let y(a) = -2*a**2 + 2*a + 58. Give y(8).
-54
Let i(t) = -7*t**2 - 40*t - 10. Calculate i(-4).
38
Let n(u) = 75*u**2 + 9*u - 4. Determine n(-1).
62
Let l(m) = m**3 + 60*m**2 + 145*m + 1679. Give l(-58).
-3
Let r(j) = j**3 - 6*j**